 c(y) be the second derivative of y**3/6 + y**2/2 - 2*y. Let i = -2 - 2. Let b(p) = -p**2 - p. Let h(w) = i*c(w) + b(w). Determine h(-3).
2
Let w(u) be the second derivative of -2*u**3/3 + u**2/2 - u. What is w(2)?
-7
Let x(h) be the first derivative of -2*h**2 - h + 1. Suppose v - 5 = -1. Suppose -19*l + v = -21*l. What is x(l)?
7
Let p(y) = y**3 + 8*y**2 + 7*y - 7. Let r be ((3 - 2) + -2)/((-2)/(-14)). Calculate p(r).
-7
Let r be ((-6)/(-4))/((-12)/8). Let f(v) = v. Calculate f(r).
-1
Suppose 5*o + 14 = 4. Let u(t) be the first derivative of 2*t**2 + 39. Calculate u(o).
-8
Let g be (-3)/((-9)/12 + 0). Let x(v) = 3*v + v**3 - 2*v**3 + g*v**3 - 2*v**3 - 4*v**2 - 4. Determine x(3).
-4
Let k be (42/(-49))/((-2)/14). Let m be k/4*16/6. Suppose i - m*i = -9. Let t(g) = g**3 - 3*g**2 + g - 1. Calculate t(i).
2
Let l(i) = i - 5. Let t be 3/5 - 9/15. Suppose t*n - 3*n = -12. Give l(n).
-1
Let g(p) = -p + 5. Let v be g(3). Suppose 3*s = s - v. Let z(i) = -3*i**3 - i**2 - i - 1. Determine z(s).
2
Suppose -14 = -11*b + 8. Let z(k) be the second derivative of -5/12*k**4 + 0 - b*k + 1/20*k**5 + 2/3*k**3 + 3/2*k**2. Calculate z(4).
3
Let c(f) = -f**3 - 3*f**2 - 3*f - 2. Let v be (4/10)/(2/30). Let z be -2*v/4*-1. Suppose 9 + 1 = -5*g + y, g - z*y = 12. Give c(g).
7
Let w(x) = x**3 - 7*x**2 + 6*x + 7. Let d be w(6). Let c(o) = o**3 - 6*o**2 - 7*o. Give c(d).
0
Suppose 6 = 5*b - 3*b. Suppose 0*c = b*c. Let u(j) = -j**2 + 8. Give u(c).
8
Let q(k) be the third derivative of 0 + 3*k**2 + 1/3*k**3 + 0*k + 0*k**4 + 1/60*k**5 + 1/120*k**6. Give q(0).
2
Suppose 0*j - j - 63 = 0. Let l be j/(-2) - (-1)/(-2). Suppose 4*o + l - 11 = 0. Let p(i) = -i**3 - 4*i**2 + 4*i - 1. Calculate p(o).
4
Let g(h) = 7*h**2 + 15*h - 12. Let t(o) = 3*o**2 + 7*o - 6. Let i(q) = -2*g(q) + 5*t(q). Let z = -22 - -15. What is i(z)?
8
Let j(g) = -6*g**3 - 2*g - 1. Let i = 63 + -43. Let c be ((i/(-1))/(-2))/(-2). Let f = c - -4. What is j(f)?
7
Suppose 0 = 3*a + 2*h + 18 - 7, -a - 5*h = 21. Let q(g) = g**3 - g - 1. Determine q(a).
-1
Let y(u) = u**2. Suppose w - 5*q = -2*w - 1, -5*q + 5 = -5*w. Determine y(w).
4
Let v(g) = g**2 + 7*g + 6. Let j be (-21)/(4/(-16)*6). Suppose -n = -3*n - j. Give v(n).
6
Let q be 8/(-44) - 53/11. Let a(z) = z**3 + 4*z**2 - 7*z - 2. Determine a(q).
8
Suppose -8*b + 3*b + 25 = 0. Let s(c) be the second derivative of 0 - 5/2*c**2 - 1/6*c**3 - c. Determine s(b).
-10
Suppose -r + q = -39, -2*r = 3*q - 2*q - 81. Suppose l + 2*l = 4*j + 3, 5*l = -5*j + r. Let p(k) = -2*k - k**3 + 5 + 0*k**3 - 2*k**2 + 7*k**2. Determine p(l).
-5
Let i(x) = x**3 + 6*x**2 - x. Let q be i(-6). Let c(p) be the third derivative of -p**6/120 + 7*p**5/60 - 7*p**4/24 - p**3/3 + 5*p**2. What is c(q)?
-8
Let t(o) = 2*o - 6*o - 20 + 17. What is t(-4)?
13
Suppose 2*z - 2 = z. Let w(y) = y + y - y - z. Let i = 48 - 46. Determine w(i).
0
Let f = -2 - -8. Let i(m) = m**3 - 6*m**2 + 5*m - 3. What is i(f)?
27
Let o be 44/8 + (-2)/4. Let u(z) = 2*z**2 + 7*z - 8. Let c(a) = -a**2 + 1. Let k(v) = -3*c(v) - u(v). What is k(o)?
-5
Let t(j) = 5*j**2 + 6 - 4*j**2 - j - 1. Let o be t(0). Let a(k) = 0 - 235*k + k**2 + 4 + 230*k. Calculate a(o).
4
Let y(r) = 5*r**3 - 8*r**2 - 2*r + 4. Let t(p) = 4*p**3 - 7*p**2 - p + 4. Let z(m) = -4*t(m) + 3*y(m). What is z(3)?
-1
Let x = 3 - -1. Let c(i) = 5*i**2 - x*i**3 - 4*i**2 + 3*i**3. Let y be (-4)/22 + 6/33. Give c(y).
0
Let x(t) be the first derivative of -t**4/4 - t**3 + 3*t**2 + 8. Determine x(-5).
20
Let z(n) = 0 + 6*n + 3*n + 1 + 3. Determine z(-4).
-32
Let o(f) = -6*f**3 + f**2 - f - 2. Let y be o(2). Let a be 56/y - (-2)/12. Let v(h) = h**3 - h**2 + h + 1. Calculate v(a).
-2
Let c(x) = -x**2 - x - 2. Let g be c(0). Let k(i) be the first derivative of 5*i**2/2 + 1. Give k(g).
-10
Let g(j) be the second derivative of j**5/20 + 7*j**4/12 - 3*j**3/2 - 4*j**2 + 20*j. Give g(-8).
0
Suppose 5*t + 0 = 5. Let d be 0/(-5)*2/4. Let i(a) = a - t + 0 + d. Determine i(-1).
-2
Let t(g) be the first derivative of -g**3/3 - 2*g**2 - 2*g + 10. Let d = 0 + -4. Let v be d - (-1)/((-1)/(-2)). What is t(v)?
2
Let y = -30 - -28. Let m(i) = -4*i**2 - 3*i. Determine m(y).
-10
Let s(y) = -y**2 + 38*y - 82*y + 41*y + 3. Let j be (-56)/9 + 2/9. Determine s(j).
-15
Let d(y) = -7 + 4 + 6 + 2*y. Give d(-3).
-3
Let w(u) be the first derivative of -u - 6*u**2 + 3 - 6 + 2. Let k(b) = b**2 + 8*b - 1. Let z be k(-8). Calculate w(z).
11
Let j be 1 + -2 + 1 + 1. Let b(c) be the second derivative of 5*c - 1/2*c**2 + 0 + 1/12*c**4 + 3/20*c**5 + 0*c**3. Calculate b(j).
3
Let k(b) be the first derivative of b**4/4 - 8*b**3/3 + 7*b**2/2 + 5*b + 29. Give k(7).
5
Let c(p) = -p**2 + 4*p + 7. Let q(b) = b**2 + 1. Let f be q(-2). Let w be c(f). Let o(h) = 2*h + 0*h**2 + 1 - 1 - h**w. What is o(2)?
0
Suppose 0 = 4*w - 9 - 11. Let v(z) = w + 1 + 4*z - 3*z - 1. What is v(-5)?
0
Let u(d) = -d**2 + d + 4. Let t be 527/68 + 2/8. Let k = 13 - t. What is u(k)?
-16
Let a(j) = -3*j**2 + 2*j + 0*j**2 - 4*j**3 + 6*j**3. Calculate a(2).
8
Let y(m) = -11*m + 4. Let o(b) = 5*b - 2. Let s(q) = 13*o(q) + 6*y(q). Give s(-2).
0
Let r = -38 + 33. Let n(u) be the first derivative of u**2/2 + 4*u + 2. What is n(r)?
-1
Let s(r) be the second derivative of r**3/6 + 5*r**2 + r. Calculate s(-7).
3
Let w(f) = -6*f + 1. Let g(m) = m + 6. Let x(o) = -4*o - 6. Let k(t) = 5*t + 7. Let n(y) = -5*k(y) - 6*x(y). Let q be n(8). Let v be g(q). Calculate w(v).
7
Let m(o) = 3*o - 7. Let t = 14 + -8. Suppose 2*b = -t, w - 9 - 5 = 3*b. Determine m(w).
8
Let v(q) = 3*q - 4*q - 12 + 4. Let n(y) = y. Let g be n(-4). What is v(g)?
-4
Suppose d - 6 = c + 2*d, 4*d = -c. Let w(s) = s**3 + 8*s**2 - 3*s - 8. Give w(c).
16
Let n(r) = -r**3 + 2*r**2 + 2*r - 2. Let y = -6 - -12. Suppose -2*c + y*c = 12. Determine n(c).
-5
Let s(p) = p**3 - 8*p**2 + 7*p - 2. Let a = 109 + -102. Calculate s(a).
-2
Let d be 0 + -1 + (1 - 0). Let w(x) = -x + 7. Calculate w(d).
7
Let k(i) = 4*i. Let j be k(1). Let q = 4 + -3. Let a(h) = 0 + 4*h - q - 5*h. Give a(j).
-5
Let n(a) = 5*a**2 - 20*a + 1. Let c(x) = -2*x**2 + 7*x. Let r(h) = -8*c(h) - 3*n(h). What is r(-4)?
-3
Let v(h) be the first derivative of -3*h**2/2 - 4*h + 4. Give v(-4).
8
Let o(t) = 6 - 10*t**2 - 1 - 5*t + 26*t**2 - 15*t**2. Suppose 3*u - 16 = -4. Determine o(u).
1
Suppose 0 = -3*d + 20 - 5, -3*v - 30 = -3*d. Let b(m) = m**2 + 6*m - 6. What is b(v)?
-11
Let w(p) = -7*p**2 - 2*p**3 + p**3 + 4*p**2 + 2*p**3 + 3*p. Let x be w(2). Let z(f) = 2*f**2 - 4*f + 2. What is z(x)?
2
Let a(c) = 0*c - c**3 - c**2 + c - 7*c**3. Let m(w) = 15*w + 31. Let k be m(-2). What is a(k)?
-8
Suppose f = -4*h - 0 - 20, 5*h + f = -26. Let c = -8 - h. Let a(g) = 0*g - g**3 + 3*g + 2*g**3 + 2 + 2*g**2. Give a(c).
-4
Let g(a) = -a**2 - 12*a - 7. Suppose 6*p = 9*p + 5*q + 7, 2*q - 8 = 0. Determine g(p).
20
Let k(x) = x**2 + 4*x - 1. Let o be k(-4). Let h(a) = -a + 1. Let f(m) = 2 - 2 + 8 - 6*m - 1. Let y(s) = o*f(s) + 4*h(s). Give y(2).
1
Let w be (-20)/15*(-18)/4. Let h(a) = -a**3 - a + 0*a**2 + 4 - 12 + 6*a**2. What is h(w)?
-14
Let t(g) = -2*g**2 + 2*g + 1. Let h(m) = m**2 - 5*m + 9. Suppose 9 = -2*q + 21. Let u be h(q). Suppose -3*r + 0 = 3*x + u, 0 = -3*x - 5*r - 23. Give t(x).
-3
Let x(u) = -6*u + 1. Let b(j) = -j**2 + 6*j - 6. Let r be b(3). Suppose 3*l - 6 = -r. Calculate x(l).
-5
Suppose -3*l + 0*l = 0. Let p = l + 4. Let d(g) be the second derivative of g**5/20 - 5*g**4/12 + g**3/2 + 5*g**2/2 - 13*g. Determine d(p).
1
Let b(r) = r**3 - 5*r**2 + 3. Let o(c) = 0*c**3 + c + c**3 + 0*c**2 - 7*c**2 - 5. Let v be o(7). Suppose -z = -2*a - 5, 0 = -3*z + 2*z - v*a + 5. What is b(z)?
3
Suppose 0*u = -2*u + 4. Let c(h) = -h**u + 2 - 5*h - h + 5*h + 0. What is c(-4)?
-10
Let t(a) = 2*a**2 + a. Let d(q) = -q**2 - q + 1. Let n be (-6)/(-8)*8/(-2). Let k(l) = n*d(l) - 2*t(l). Let z = 70 - 67. What is k(z)?
-9
Let k(h) = -2*h - 20. Let y be k(-10). Let c(a) = -a**2 + a + 6. Give c(y).
6
Let d be (-45)/6*2/(-3). Let s(v) = -v**2 + 8*v - 7. Give s(d).
8
Let g(s) = s + 1. Suppose 3*y - 6 = 0, 3*x + 4*y + 15 = 2. Calculate g(x).
-6
Let j(a) be the first derivative of a**2/2 + 4*a - 6. Give j(-6).
-2
Let h(m) = 0 - 4*m - 2 + 3*m + 2*m + 12. Let c(r) = r**3 + 5*r**2 - r - 3. Let t be c(-5). Let a(l) = l**3 - 2*l**2. Let o be a(t). Calculate h(o).
10
Le